*f + 1. What are the prime factors of l*(-1)/3*-3?
3
Let u(v) = 40*v - 9. List the prime factors of u(3).
3, 37
Suppose 2*z = -4*v - 6, -2*v + 37 + 2 = -5*z. Let t be -1*1 + (-6 - z). Suppose -6*l + 2*l - i + 62 = t, -5*i - 90 = -5*l. List the prime factors of l.
2
Suppose -7*v - 71 = -8*v. What are the prime factors of v?
71
Suppose 2*i - 4*i = -8. Let p be (54 - i)*4/10. Suppose 2*u + p = 6*u. List the prime factors of u.
5
Let p(y) = -3*y + 3. Let s be p(5). List the prime factors of 1*(-2 - -1)*s.
2, 3
Let u be 10 + (-4)/(-8)*-2. Let g(k) = k + 1. List the prime factors of g(u).
2, 5
Suppose -13 = -2*h - 5*o, h - 2*h - 4*o = -8. Suppose -h*d + 7 = -3*d. List the prime factors of d.
7
Let i = -21 - -52. Suppose 15 = -5*s, 0*s - i = -2*d + 3*s. List the prime factors of d.
11
Let k(a) = -2*a**3 + a**2 + 2*a - 3. Let t be k(2). Let u be -3*((-10)/3 - -2). List the prime factors of u/2 + -1 - t.
2, 3
Suppose -80 + 12 = -2*o. Suppose 4*u = 4*h + 80, -3*h - 11 = -2*h - 4*u. Let i = o + h. What are the prime factors of i?
11
Let c(u) be the second derivative of 11*u**4/3 - u**3/2 - u**2 - 4*u. What are the prime factors of c(-1)?
3, 5
Let a(f) = f**3 + 3*f**2 - 2*f. Let q(l) = 3*l**3 - 8*l - 4*l**3 + 2 - 8*l**2 - 3 - 8. Let w be q(-7). List the prime factors of a(w).
2
What are the prime factors of (-1642)/(-5) - ((-12)/(-20))/(-1)?
7, 47
List the prime factors of (-3333)/(-12) - (-5)/20.
2, 139
Suppose 0 = 3*o - 2*o - 29. Suppose m = p + 5, -4*m - p = -o - 16. List the prime factors of 2/m - 320/(-25).
13
Let g = -29 + 69. Suppose -4*i + g = i. List the prime factors of i.
2
Let n(v) = v**3 - 5*v - 10. What are the prime factors of n(6)?
2, 11
Let s(u) = -7*u - 1. List the prime factors of s(-2).
13
Let y(i) = -i**3 - 3*i**2 + 5*i + 1. Let n be y(-4). Let j = 17 + n. What are the prime factors of j?
2, 7
What are the prime factors of -177*(2/(-6) - (4 - 4))?
59
Suppose o = 2*o - 2. Suppose o*g - 5 = 3. Suppose g*i = 11 - 3. List the prime factors of i.
2
Let j be (11/3)/((-2)/(-6)). Suppose -j = 2*x + 9. What are the prime factors of -5*(6/x)/1?
3
Suppose 12 = -2*k - 0*k + 3*s, 0 = -3*s. Let f(m) = -m - 3. Let x be f(k). List the prime factors of (x/5)/((-1)/(-5)).
3
Let h = -1 + 1. Suppose -5*r - 41 = k + 3*k, -5*k - 20 = h. List the prime factors of ((-4)/6)/(r/135).
2, 3
Let f(m) = 25*m**2 + m - 1. Suppose d - 5*i + 14 = 0, -2*d - i = -0*i - 5. List the prime factors of f(d).
5
Let d(m) = -53*m**3 - m**2 - 3*m - 2. List the prime factors of d(-1).
53
Suppose 0 = 2*v - 8, -10 = -n - v - 1. Suppose -2 = -u + n. Let s(m) = -m**2 + 9*m - 6. List the prime factors of s(u).
2
Let j(n) = 22*n + 2. Let k be j(3). Suppose 8 = -4*b + k. List the prime factors of b.
3, 5
Let a(x) = -3*x**3 + x**2. Let d be a(-1). Suppose d*v = 5*v - 2. What are the prime factors of v?
2
Suppose -236 = -5*n + n. List the prime factors of n.
59
Suppose 945 - 261 = 4*s. Suppose 0 = 4*c + 4*r - r - s, -5*r - 15 = 0. What are the prime factors of c?
3, 5
Let i(g) = g - 7. Let p be i(6). Let c be p + -1 + 0 + -8. Let v = 14 + c. What are the prime factors of v?
2
Let d be ((-12)/(-5))/(3/45). Suppose -4*y - x + d = 0, 4*y + 0 = 5*x + 36. List the prime factors of y.
3
Let k be (2 - 0) + -6 + -2. Let d = k - -10. Suppose 3*f = 5*f - d. List the prime factors of f.
2
Let v(d) = d**3 + 5*d**2 + 1. Let t(y) = 5*y**3 + y**2. Suppose -u = u + 2. Let m be t(u). List the prime factors of v(m).
17
Let c be 20 + 5/(15/(-6)). Let n be (-4)/2 - 0 - -60. Suppose -n + c = -5*f. List the prime factors of f.
2
Let c be 10/(-70) + 44/14. Suppose -48 = -c*h + 114. List the prime factors of h.
2, 3
Let n(t) be the second derivative of 7*t**5/20 - t**4/4 - t**3/6 + 3*t**2/2 - 3*t. What are the prime factors of n(2)?
3, 5
Let g(r) = 54*r**2 + 24. Let b(t) = t**2 + 3*t - 4. Let z be b(-7). Let c(l) = -11*l**2 - 5. Let p(k) = z*c(k) + 5*g(k). What are the prime factors of p(1)?
2, 3
Let u(v) = -v + 11. List the prime factors of u(8).
3
Let d = -8 - -8. Suppose -288 = -5*v - 3*t, d*v - 280 = -5*v - 5*t. Suppose -w + 5*w - v = 0. List the prime factors of w.
3, 5
Let s = 345 + -208. What are the prime factors of s?
137
What are the prime factors of (48/7)/((-5)/(-35))?
2, 3
Suppose 88 = -2*q - 2*q. Let b = q + 38. List the prime factors of b.
2
Let d(n) = -n**2 - 4*n - 10. Let g(r) = -3*r**2 - 13*r - 29. Let c(m) = 11*d(m) - 4*g(m). List the prime factors of c(-9).
3, 5
Let o be -1 - (5 + -4 + -49). Suppose -27 = -2*w + o. What are the prime factors of w?
37
Suppose 3*z + 2*z = 0. Suppose z = 5*q - 7*q + 38. What are the prime factors of q?
19
Suppose 0 = t, 3*q = -2*q + 4*t + 470. List the prime factors of q.
2, 47
Let b be (498/4)/((-7)/28). List the prime factors of b/(-12) + (-6)/4.
2, 5
List the prime factors of (0 - (-3 - -2))*53.
53
Let p be 1 - -1 - 3*-5. Suppose -3*v + 1 = -32. Let u = p - v. What are the prime factors of u?
2, 3
Let h be (4/(-4))/(1/(-2)). Suppose -2*x - 2*l = -24, h*x - 2*l - 36 = -x. List the prime factors of (x/(-8))/((-6)/32).
2
Let s(v) = 6*v**2. Let f be s(-1). Let b be (-60)/14 - f/(-21). What are the prime factors of 10 - (-2)/(-2 - b)?
11
Let h(m) = -m**2 - 34*m + 2. List the prime factors of h(-29).
3, 7
Let n(l) = -l**2 + 2*l. Let x be n(2). Suppose x*i - 22 = -2*i. Let a = i - 7. List the prime factors of a.
2
Suppose 35 = 3*a + 4*m, 4*m - 2*m = 4. Let i = a - -3. What are the prime factors of i?
2, 3
Let x = 25 - -10. What are the prime factors of x?
5, 7
Suppose 3*q - 14 = 1. Suppose q*n = -1 - 4, 0 = -h + 3*n + 40. List the prime factors of h.
37
Suppose 4*v = 3*a - 37 + 13, 0 = 5*a + 2*v - 40. What are the prime factors of a?
2
Suppose 4*y = 4*a - 0*a - 4, 4*a = -2*y + 28. Suppose -a*u = -50 - 30. List the prime factors of u.
2
What are the prime factors of (-2)/((16/(-292))/2)?
73
Let l(w) = 26*w**2 - w. List the prime factors of l(1).
5
Suppose c + 2 = -5*b - 8, -4*b - 35 = -c. What are the prime factors of c?
3, 5
Suppose 0 = b - 3, 3*s - 5*s = -b + 9. Suppose 0 = -4*r - 5*k + 57, 2*r - 3*r - 5*k + 33 = 0. Let m = s + r. List the prime factors of m.
5
Let o = -132 - -196. List the prime factors of o.
2
Suppose 2*r - 2 = -0*r. Let a be 1*(r + (3 - 2)). Suppose f = a*m + 7, -3*f + 8*m + 19 = 4*m. List the prime factors of f.
5
Suppose 2*c - 6*c + 15 = g, -g - 6 = -3*c. Suppose 0 = -c*y + 4*r - 3*r + 5, -r + 1 = -y. What are the prime factors of y?
3
Let n(w) = -10*w - 3. Let f be n(-3). Suppose -v + f = -4*j, 3*v - 4*j = -j + 72. What are the prime factors of v?
23
Let m(u) = -u**2 + 3*u + 21. List the prime factors of m(5).
11
Let n(j) = j + 3*j + 9 - 3*j. Let p be n(-7). List the prime factors of (5*-1)/(-3 + p).
5
Let h be ((-2)/4)/(1/(-6)). Suppose -3*m + 4*d = -102, -38 = -3*m - h*d + 43. Suppose 0*x = 2*x - m. What are the prime factors of x?
3, 5
Suppose 0*x + 4 = 2*x. Suppose x*g + 1 = 5. Let m(v) = 2*v. What are the prime factors of m(g)?
2
Let t be (-9)/(-3) - (-56)/(-1). Let s = -30 - t. Suppose -4*v = -5 - s. What are the prime factors of v?
7
Let m(y) = -y**3 - 5*y**2 + 8*y - 9. List the prime factors of m(-7).
3, 11
Suppose -2*i + w = -19, -3*i + 4*w + 17 = 1. Let d(x) = -3*x + 4. Let y be d(3). Let m = y + i. What are the prime factors of m?
7
Let t(w) = -3*w + 7. Let f = -21 - -14. List the prime factors of t(f).
2, 7
Let m be (-4 + 7)*2/(-6). Let u(t) = -3*t + 1. What are the prime factors of u(m)?
2
Suppose 180 = 7*n - 2*n. Suppose 0 = -0*r + r - n. Suppose -5*b + 76 = 3*s, 3*b + s - 4*s - r = 0. What are the prime factors of b?
2, 7
Suppose -b + 1 + 4 = 0. Let a(j) = 71*j**3 - 2*j**2 + j. Let p be a(1). Suppose b*o = -0*o + p. What are the prime factors of o?
2, 7
Suppose v - 5 + 2 = 0. Let s be 3/6 - (-5)/10. List the prime factors of (2/v)/(s/15).
2, 5
Let s = -42 + 103. List the prime factors of s.
61
Let b = -11 - -18. Let k = 11 - b. Suppose 19 = m + 3*i, k*m - 66 = -i - i. List the prime factors of m.
2
Suppose 5*w + 4*j - 144 = 0, -2*w - 1 = -j - 56. What are the prime factors of w?
2, 7
Let r be 2 + (4 - (-3 - -6)). Suppose -3*g + r + 9 = 0. List the prime factors of g.
2
Let a(b) = -7*b + 7. Let c be a(6). Let n = c + 23. Let w = -9 - n. What are the prime factors of w?
3
Suppose -v + 14 = -89. List the prime factors of v.
1